 + -14. Calculate the remainder when 3/9 - (-53)/3 is divided by (v + 3)/((-1)/7).
4
Suppose 5*p + 7 = 107. Suppose 23*l = p*l + 99. What is the remainder when l is divided by 9?
6
Let t(x) = x**2 + 22*x + 25. Suppose 3*y - y = -42. What is the remainder when 37/4 + 2/(-8) is divided by t(y)?
1
Suppose -h - 1 = 0, 4*z + 2*h - 33 = -3. Suppose z*n = 3*n + 25. Let q(o) = -o**2 - 8*o - 6. What is the remainder when q(-5) is divided by n?
4
Let q(o) = -o**3 + 11*o**2 + 15. Suppose 172 = 5*h - h + j, 3*h + j = 128. Calculate the remainder when h is divided by q(11).
14
Let n = 73 + -28. Let x = 49 - n. Calculate the remainder when x is divided by 1.
0
Let z(w) = w**2 - 20*w + 61. Suppose 0*f + 2 = f. Let a(g) = 10*g - 1. Calculate the remainder when a(f) is divided by z(17).
9
Let h = -186 + 322. Let f = h + -65. What is the remainder when f is divided by 12?
11
Let h(a) = -a - 9. Let u be h(7). Let g = 23 + u. Suppose m - 55 = -3*s, -12*s + 5*m = -7*s - 125. Calculate the remainder when s is divided by g.
6
Let o = 24 + -10. Calculate the remainder when 125 is divided by o.
13
Let u = -269 - -339. Calculate the remainder when 279 is divided by u.
69
Let v = 66 - 60. Suppose c + n = v*c - 135, 119 = 4*c - 3*n. What is the remainder when 75 is divided by c?
23
Let o(i) = 7*i**2 - 7*i - 10. Let x(y) = -8*y**2 + 8*y + 11. Let h(f) = 4*o(f) + 3*x(f). What is the remainder when h(4) is divided by 22?
19
Suppose 5*m = 3*h + 89, -86 = -14*m + 9*m + 2*h. What is the remainder when m is divided by 10?
6
Let q(p) = -81*p**3 - p**2 - p - 1. Let d = -12 - -11. Let i be q(d). Suppose -5*h = 5 - i. What is the remainder when 27 is divided by h?
12
Let h = -153 - -163. Suppose w - 3*w + 86 = 0. Calculate the remainder when w is divided by h.
3
Let r(m) = -m**3 + 42*m**2 - 65*m + 69. Calculate the remainder when r(40) is divided by 48.
45
Let b(g) = -g. Suppose 0 = i - 2*k - 1, -2*i + 18 = -2*k + 6*k. Calculate the remainder when i is divided by b(-4).
1
Suppose -85*c + 82*c + 4*z + 482 = 0, -c - 5*z + 148 = 0. Calculate the remainder when 1578 is divided by c.
156
Suppose 0 = -m + 20*m - 38. What is the remainder when 78 is divided by m?
0
Suppose 113*r - 81616 = 279871. Calculate the remainder when r is divided by 40.
39
Let x(z) = -2*z**3 - 3*z**2 + z + 4. Suppose 64 = 3*w - 26. Suppose -w = -2*d + 2*b - 7*b, -3*d + 5*b = -20. What is the remainder when x(-3) is divided by d?
8
Suppose 5*v + 10 = 170. Let z = -43 - -137. Calculate the remainder when z is divided by v.
30
Suppose m - 3*m = 14. Let n(q) = q**2 + 5*q - 7. Suppose 0 = 3*u - p - 79, -4*u = -2*u + 3*p - 38. Calculate the remainder when u is divided by n(m).
4
Let j = 42 + -88. Calculate the remainder when (j/69)/((-4)/354) is divided by 16.
11
Let c = -148 - -162. Calculate the remainder when 52 is divided by c.
10
Let d(c) = 2*c - 17. Let s be d(11). Suppose -s*m - 5*f = 0, -5*m - 2*f + 3 + 6 = 0. Calculate the remainder when 7 is divided by m.
1
Suppose 0*n + 16 = 2*n. Let p(t) = t**2 - 35*t - 20. Let u be p(25). What is the remainder when 6 is divided by 1/n - u/144?
0
Suppose 5*h - 85 = -5*s, -9 = -s + 8*h - 5*h. Calculate the remainder when 893 is divided by s.
8
Suppose -23 - 4 = -j - b, -5*b - 10 = 0. Suppose -56*n - 73 = -633. Calculate the remainder when j is divided by n.
9
Let g be (17/(-4))/((-4)/(-16)). Let a = g + 33. Let y = -122 + 168. What is the remainder when y is divided by a?
14
Let o = 40 + -34. Let d(l) = 2*l + 4. Calculate the remainder when 30 is divided by d(o).
14
Let q = 180 + -180. Let c(t) = t**2. Let y be c(0). Suppose g + y - 12 = q. What is the remainder when g is divided by 5?
2
Let b(f) = f + 1. Let j(y) = -1 + 3*y - 2 - 4*y. Calculate the remainder when j(-13) is divided by b(2).
1
Let j = -122 + 136. Suppose 0*t + 27 = 3*t. Calculate the remainder when j is divided by t.
5
Suppose 4*a = 9 + 39. Let f be ((-16)/(-8))/((-2)/(-5)). Suppose -2*w + f*w - 12 = 0. What is the remainder when a is divided by w?
0
Suppose -l - 2*l - 474 = -3*j, 2*j - 4*l - 310 = 0. Suppose 6*r + r = j. Calculate the remainder when 68 is divided by r.
22
Suppose 0 = 18*c - 30 - 114. What is the remainder when 70 is divided by c?
6
Let h(i) = i**3 - 8*i**2 - 7*i - 8. Let m be h(9). Suppose 3*y = m*y - 539. Calculate the remainder when y is divided by 40.
37
Let j(x) = -4*x**3 - 4*x**2 - 3*x - 4. Let g(l) = -5*l**3 - 3*l**2 - 2*l - 4. Let h(b) = -5*g(b) + 6*j(b). Calculate the remainder when h(10) is divided by 5.
1
What is the remainder when (-967)/(-2)*11*(-18)/(-99) is divided by 19?
17
Let l(z) = -3*z**2 - z - 8. Let h be l(6). Let t = -64 - h. What is the remainder when t is divided by (-24)/(-9)*(-30)/(-4)?
18
Let m(y) = y**2 - 5*y + 4. Let w be m(4). Suppose -2*a + w*a = 3*h - 32, -2*h = -5*a - 34. Calculate the remainder when 34 is divided by h.
10
Let j = 19 + 4. Let n = 4 - j. What is the remainder when -3 + 0 - (n + 3) is divided by 8?
5
Suppose 5*d = -k - 1, 3*d - 27 = -3*k - 2*d. Suppose 3*l - k = 2*l. Calculate the remainder when l is divided by 6.
2
Let h = 103 + -60. Calculate the remainder when h is divided by 21.
1
Suppose -4*u = -5*w + 3*w - 1218, -u + 317 = 2*w. What is the remainder when u is divided by 81?
64
Suppose u + 6 = -5*y + 1, -5*y = -4*u + 5. Suppose u = 7*d - 61 - 114. What is the remainder when 99 is divided by d?
24
Let b(u) = -u**3 + 12*u**2 + u + 6. Let o be (-142)/(-12) + 2/12. What is the remainder when (102/(-18))/((-1)/9) is divided by b(o)?
15
Suppose 2 = x - 0*x. Let g(m) = 10*m + 2*m**x - 1 + 7*m**2 - 2*m**2 + m**3 - 2*m**3. Calculate the remainder when 28 is divided by g(8).
13
Suppose 4*l - 5*l + 37 = 0. Suppose 70 = -3*r + 10*r. What is the remainder when l is divided by r?
7
Suppose 11*s - 20*s = -306. Calculate the remainder when s is divided by (2 - 0 - -7)/1.
7
Let w(j) = -j**3 + 5*j**2 + 4*j - 2. Let t be w(6). Let c = t - -13. Calculate the remainder when 33 is divided by 1*1/c*-18.
15
Let p(o) = -16*o - 65. What is the remainder when p(-7) is divided by (-8)/(-36) - (-302)/18?
13
Suppose -2*x = 2*h - 632, 5*h + x = -0*x + 1572. Calculate the remainder when h is divided by 164.
150
Let c(p) = -p - 3. Let q be c(-8). Suppose 6 = q*x - 9. Suppose 4*s + x*r = 52, -25 = 5*s - r - 109. What is the remainder when s is divided by 9?
7
Let z be -2 - (939/(-27) + (-4)/18). Let c = -20 + z. What is the remainder when 25 is divided by c?
12
Suppose x + g = 4*x - 53, -89 = -5*x + g. Let q = 3 - -21. Let r = 10 + q. Calculate the remainder when r is divided by x.
16
Suppose -4*x - 48 = -7*x. Suppose 7*z = 4*z + 57. Calculate the remainder when z is divided by ((-10)/(-4))/(x/32).
4
Suppose 2*d - 22 = -18*s + 16*s, 0 = 5*d + s - 71. Calculate the remainder when 35 is divided by d.
5
What is the remainder when 0 + (-34)/(-2) + 1 is divided by ((-16)/(-36))/((-8)/(-72))?
2
Let w(s) = 5*s**3 - 7*s**2 + 19. Let i(l) = 4*l**3 - 8*l**2 + 18. Let h(v) = 4*i(v) - 3*w(v). Calculate the remainder when 58 is divided by h(11).
13
Let p(y) = y + 23. Let f be (-121 - -13)*(-2)/(-3). What is the remainder when p(0) is divided by (2/(-4))/(3/f)?
11
Let j be 19256/104 + 4/(-26). Suppose u = 6*u - j. Suppose 5*k - 23 = r, -4*r = 5*k - u + 4. Calculate the remainder when r is divided by 1.
0
Suppose -57*h + 26*h + 1891 = 0. What is the remainder when h is divided by 17?
10
Suppose 2*b - 54 + 44 = 0. Calculate the remainder when 7 is divided by b.
2
Let r be -3 - -2 - (-108)/12. Suppose 27 - r = k. What is the remainder when 56 is divided by k?
18
Let t = 448 - 266. What is the remainder when t is divided by 23?
21
Suppose -3*k + 2*r = -0*r - 31, -2*k + 2*r = -20. Let z = 55 + -99. Calculate the remainder when -1*(0 + 4 + z) is divided by k.
7
Let g = 17 + -2. Suppose 10*u - 6*u = 24. Let r = 0 + u. What is the remainder when g is divided by r?
3
Suppose 72*l + 47 = 73*l. What is the remainder when 195 is divided by l?
7
Let h be (-19)/(-4) - 2/(-8). Let j = 0 + h. Let y = -129 + 143. Calculate the remainder when y is divided by j.
4
Calculate the remainder when ((-303)/1)/(0 + -3) is divided by 57.
44
Suppose -26*k = -142 - 482. What is the remainder when 92 is divided by k?
20
Let r(m) = -8*m**2 - m**3 - 2 - 4*m - 9 + 2. Let p(u) = u**3 + 6*u**2 - 26. What is the remai